8) + (-167 - -259)
66
Calculate (-30 + 31 - -2) + 11 + -88 + 8.
-66
Evaluate (-52 - (-25 + -15) - (-1 - 20)) + (-31 - 39).
-61
-6 + ((-13 - -28) + 46 - -5 - 6)
54
-21 - ((982 - 964) + (-9 - 0))
-30
What is 29 - (-42 - -83) - (29 - (0 - 1))?
-42
30 + (-29 - -18) + 38 + (-2 - 10)
45
What is the value of -1090 + 1025 + 4 + -10?
-71
Calculate 0 - (-1 - 90) - (-288 + -47 - -348).
78
What is the value of (53 - (6 + -13) - -3) + 27 + -35?
55
What is (-3 - (-1 + 11)) + 5 + 15?
7
Calculate 2 + (16 - 0) + (23 - 24 - (-13 - 0)).
30
What is 131 + -38 - (-33 - -176)?
-50
What is the value of 0 + 21 + (-1315 - -1298)?
4
37 + (58 - (77 - 10))
28
(-18 - (1 + (0 - 1) + (-10 - -4))) + 2
-10
Evaluate -420 + 384 + (22 - 1) + (-2 - -71).
54
(15 - 16) + -14 + 13 + -30
-32
Evaluate 25 + (15 - (-1 - (-63 + 18 + -21))).
-25
Evaluate 4 + 29 + -59 + (7 - -47).
28
-36 - ((-24 - -71) + -63 + 73)
-93
What is the value of 6 - 76 - (727 + -790)?
-7
Evaluate -13 + 10 + -2 + 5 + 3 + -10 - -34.
27
What is the value of -218 + 244 + (-15 - -65)?
76
What is the value of -6 + (-11 + 12 + -3 - (-1 + -9)) + -3?
-1
(-37 - 14 - -44) + 0 + -1 + 1 + -106
-113
What is the value of 15 - (-2 + -23 + 5) - -9?
44
Calculate -10 + -46 + (114 - 85) + -26.
-53
What is the value of (18 - 2 - (83 - 20)) + -3 + 3 + 1?
-46
Calculate 0 + 91 - (-10 - 30).
131
What is the value of (-6 + -7 - (9 + -2)) + 38?
18
Evaluate (-72 - -16) + -14 + 121 + -57.
-6
Evaluate 27 + (-4 - -6) - (-2372 + 2308).
93
34 + ((-16 - -14) + -31 - -6)
7
(-198 - -181) + (74 - -8)
65
What is -9 - -3 - (-559 - -476)?
77
What is the value of (47 - 49) + (-13 - 5 - 1)?
-21
(-170 + 48 - -49) + 31
-42
Evaluate -6 - (9 - (9 + -7)) - (3 + -56).
40
Evaluate 14 + -15 + (-89 - (-19 + 18)) + -16.
-105
-34 + -1 + (177 - 488 - -269)
-77
((-2 - 0) + 2 - (-26 + 16)) + -6 + 28
32
-29 + (-69 - -43) + (18 - -2)
-35
What is the value of 44 - ((59 - (10 + 19)) + -3)?
17
What is (-184 - -88) + 20 - -163?
87
What is the value of 22 + -20 + (13 - -1) + (-649 - -530)?
-103
Calculate -70 + 86 - (0 - (-8 - -22) - -129).
-99
What is the value of 22 - 58 - -29 - -44?
37
What is the value of (-1 - 6 - (50 - 50)) + -9 - (-16 + 6)?
-6
(49 - (31 - -18)) + 37
37
10 - (9 - 1) - -4 - 1 - -54
59
Calculate -13 + 0 - (16 + (-2 - (-18 + 17) - 42)).
14
Calculate (-8 - 11) + 13 + 69 + -4 + -4.
55
What is 6 + -4 + 14 - (-12 + (12 - 17))?
33
Evaluate -87 - (-103 + -18) - (0 - 26).
60
What is the value of -85 - (-71 - -35 - (-13 - 13))?
-75
What is the value of 1 - (-145 - (-50 - 26))?
70
Evaluate (286 - 286) + (-39 + -1 - 0) + -4.
-44
-19 + (-33 - -58) + -41
-35
Evaluate 7 + (-9 - -32 - 47) - 2.
-19
Calculate 32 + 1 - (5 + -34 + 190 + -171).
43
10 - ((-52 - -123) + -31)
-30
Calculate 32 + 2 - (-74 + 67 + (5 + -2 - -10)).
28
What is the value of -22 + (-3 + 1 - -16) + -41?
-49
-5 - -1 - (1 + (50 - 16) + 1)
-40
What is (-12 - 73 - -14) + 51?
-20
What is 7 - (14 + (6 + -10 - (-9 + 16)))?
4
What is the value of -60 + -36 + 15 + 34?
-47
-4 + (12 + -3 + -13 + 3 - 3)
-8
What is (26 - 41) + -40 + 44 - (-59 + 1)?
47
Evaluate -64 + 24 - -137 - 94.
3
Evaluate (-14 + -1 - (50 + -22 - 35)) + -5 + 31.
18
7 - (58 + 2 + -5 + (45 - 52))
-41
45 - ((-22 - -58) + 35)
-26
Calculate (-63 - -23) + (19 - -2 - (-11 - -18)).
-26
109 + 7 - 118 - 8
-10
What is the value of -7 + (7 - 13) + 28 + -44 + -7?
-36
Evaluate -36 - (45 + -28) - -41.
-12
What is the value of -3780 + 3769 - (2 - (0 - 36))?
-49
Evaluate -15 - (40 + (23 - 5) + -53).
-20
133 + -84 + 4 + (-13 - 2) - 1
37
What is the value of 20 + 5 + (23 + 12 - 139)?
-79
What is the value of 7 + (5 - 20) + (132 + -92 - (-9 - -1))?
40
Calculate -4 + 0 - (-74 + (68 - 36 - 28)).
66
Calculate (-135 - -14) + 188 - ((3 - 14) + 3 + 0).
75
What is (3 - 10 - -33) + -43 + (-1 - -3) + -1?
-16
Calculate -18 + 2 - (303 + -70 - 203).
-46
78 - ((-6 - -44) + 58)
-18
What is the value of (-53 - (-45 - -17)) + 17 + 6?
-2
What is the value of -37 + 2 + -3 - (-14 + 15 - (23 - 13))?
-29
Evaluate 120 - (53 + 62 + -71).
76
What is 136 + -99 + (16 - -3)?
56
What is the value of 5 + 3 - (-39 + 2 + -16 + 14)?
47
Calculate 14 + 108 + -26 + 31.
127
What is -15 + (64 - (-10 - -26))?
33
What is -78 + 238 + -123 - (-15 + -4 + 1)?
55
(-52 - 4) + (118 - 23)
39
What is 7 + (-20 - -5) + 2 + 2 + 3?
-1
What is (27 - 35) + (9 - -1) + (1 - -46) + -4?
45
Evaluate 1 - 2 - (-21 - (-63 + 43)) - 14.
-14
Calculate 58 - (131 + -55) - (-22 - -4).
0
Evaluate -49 - (-13 + (-2 - -12 - (15 - 15))).
-46
Calculate -1 - 6 - (82 - (67 + 4)).
-18
Calculate -10 + (-44 - (-10 - (-44 + 23))) - -6.
-59
Evaluate 0 - (22 + 0) - (180 - 188) - (56 - -1).
-71
What is the value of (1462 - 1302) + 16 + -168?
8
300 - 283 - (-32 - 1) - 12
38
What is 2 + 13 + -11 - (7 + -14 + -3)?
14
25 + 68 + -63 + 1 + -22 + 2
11
Evaluate -84 - (18 + -61 + -15 - -30).
-56
What is 43 - ((5 - 27) + 19 - -14)?
32
14 - (-5 + 11 + 3 - 26 - -11)
20
Evaluate (-3 - 43) + (-192 - -182).
-56
(77 - (-139 + 198)) + (-74 - -2)
-54
Evaluate 6 - (-38 - -172) - -78.
-50
Evaluate (-1 - -21) + 1 + (-127 + 145 - 125).
-86
5 + 14 + 2 + (496 - 563)
-46
What is (-28 - -3) + -6 - (3 + -14 + 7)?
-27
What is -23 + (3 - 1) + 8770 + -8754?
-5
(-212 - -209) + 3 + (-1 - -43)
42
Evaluate (-17 - -28) + (-1 - (1 - (5 + -5))).
9
Evaluate -32 - (-2 + 8) - (116 - 148).
-6
What is the value of 311 - 430 - (5 - 257)?
133
Calculate -55 + 51 + 6 + (-5 - -4) + 25.
26
Evaluate 14 - ((-5 - -5 - 97) + 4 - (66 - 60)).
113
What is 48 - (97 + -25 + -80 + (-1 - 0) + -1)?
58
54 + (-87 - (-8 - -26))
-51
Evaluate -3 - -3 - (-1 + -18) - (475 + -466).
10
(3 - (-16 + 7 + -2)) + -52 + 4
-34
What is (10 - -31) + -6 + -4 + 23?
54
What is the value of 29 - 0 - ((-5 - 8) + 4)?
38
What is 1 + -16 + -27 + 53 - 76?
-65
What is the value of 12 - (18 + 13 + -22 + -65 + (-3 - -6))?
65
Calculate 51 - (2 - (-5 + 2) - (-44 - (-4 - 38))).
44
What is 88 + (-1 + 19 - 0) + (-4 - 22)?
80
(696 - 687) + (-26 - -2)
-15
What is -23 + (-141 - -66) - -144?
46
What is the value of 657 + -621 - (18 - -2)?
16
Calculate 96 - (84 + -22) - 67.
-33
What is the value of -4 + (-5 - 36) - -11?
-34
(154 - (51 + 38)) + -43
22
-124 + 112 + -2 + 29
15
What is the value of 112 + -39 + -40 + 0 + -104?
-71
9 - (9 + 4 + (-13 - 6) - (-4 - -7))
18
What is the value of -4 + -45 + -13 + 2 - (5 - (6 - -1))?
-58
-71 - ((-17 - -8) + 27 - 39)
-50
Calculate 83 + -9 + (-2 - (-7 + 14 + -17)).
82
What is the value of 61 - 55 - (-5 + -4) - (1 - -34)?
-20
What is (-43 - (59 + -166)) + -100?
-36
Calculate (4 - (2 + 3)) + (-5 + 41 - 33) + -38.
-36
55 + (-48 - 114) + -9
-116
Evaluate 3 + (-10 - -6) - (1 - (-7 + -43)).
-52
What is (23 - 5) + (-76 - (8 - -36))?
-102
76 - (44 + 111 + -101)
22
What is the value of (-3 - -8) + 6 - (-1 - 0) - (135 + -136)?
13
Evaluate (-29 - -6) + 16 - (-8 + 5).
-4
(4 - 15) + (-12 - 2) - (8 - 9 - -11)
-35
Calculate 22 + (24 - (67 - 21)) - (-32 + 3 + 2).
27
What is 7 - (16 + 24 + -49 + 145)?
-129
Calculate -30 + 63 + -34 + 8.
7
-10 - -37 - 139 - (-12 + 16 + -2 + -9)
-105
Calculate 8 - (2 - (2 + 8) - (-48 - -11)).
-21
Calculate 51 + 54 + -80 - (0 + -113).
138
What is (28 - -69 - -20) + -63?
54
What is the value of -38 - (40 + (-56 - 17))?
-5
What is 19 - 20 - 17 - 9?
-27
-40 - 0 - (147 + (22 - 174))
-35
What is 13 + -917 + 941 + (-36 - 0)?
1
What is the value of 0 + 12 - 5 - (85 - 74) - 36?
-40
What is the value of 37 + 9 - (58 + -54)?
42
Calculate -51 - -1 - (1326 - 1352).
-24
What is the value of -2 - -1 - -30 - (18 + 0 - 29)?
40
Evaluate (4 - -2) + 1 + -3 - (24 - (7 - 4)).
-17
What is (192 - 283) + (1 - -75)?
-15
Evaluate 2 - -1 - 42 - (1 + -1 + (17 - 6)).
-50
-12 - (580 - 591 - (0 + -13))
-14
What is the value of -418 - -412 - (0 + -5) - 38?
-39
-1 - -5 - (4217 + -4214)
1
What is -9 - (13 + -40 - (88 + -140))?
-34
What is the value of 37 - ((-82 - -59) + 151)?
-91
Calculate 4 + (5 - -3) + -28 + (6 - 4).
-14
605 - 579 - (-33 + 2)
57
What is (6 - -6 - 21) + (42 - 29) + 2 + -3?
3
-17 + 19 - 13 - (-3 - 4 - -70)
-74
What is -110 - (-33 - -20 - (3 + (-10 - -2 - -4)))?
-98
What is 12 - (-1 - 14 - (-45 + -23 + -28))?
-69
115 + -2 + 1 + (-239 - -289 - 66)
98
What is -14 - (-2 + (-43 - -21 - -6))?
4
-59 - (19 - 14) - (7 - (3 - 7))
-75
What is the value of 0 - -9 - (19 + -5 - (6 + 15 + -6))?
10
What is -148 + 105 + 59 - 